{"id":1080,"date":"2016-05-24T14:06:14","date_gmt":"2016-05-24T12:06:14","guid":{"rendered":"http:\/\/sito.latitudo.com\/?page_id=1080"},"modified":"2024-06-19T17:53:14","modified_gmt":"2024-06-19T15:53:14","slug":"data-analytics-con-power-bi-per-la-tua-business-intelligence","status":"publish","type":"page","link":"https:\/\/www.latitudo.com\/index.php\/data-analytics-con-power-bi-per-la-tua-business-intelligence\/","title":{"rendered":"MICROSOFT POWER BI"},"content":{"rendered":"<div class='row'><div style='padding-bottom:30px;' class='span12 first-module module_number_1 module_cont  center_title module_title'><div class='bg_title center'><h2 style='color:#000000;text-align:center;' class='headInModule'>Tutti i dati, sempre e ovunque <\/h2><\/div><div class='bg_subtitle center'><p style='color:#000000;text-align:center;' class='subheadInModule'>Power BI trasforma i dati aziendali in elementi visivi avanzati che puoi organizzare come preferisci, con tutta la libert\u00e0 di poterti concentrare sugli aspetti pi\u00f9 importanti. Potenti funzionalit\u00e0 self-service ti aiutano a rafforzare il successo del tuo business, con informazioni sempre aggiornate e la capacit\u00e0 di catturare le tendenze in tempo reale.<\/p><\/div><\/div><!-- .module_cont --><\/div><div class='row'><div style='padding-bottom:30px;' class='span4  module_number_2 module_cont  center_title module_iconboxes'><div class='iconbox_shortcode_wrapper'>\n\t\t<div class=\"shortcode_iconbox type1 alone\" style=\"width:100%;\">\n\t\t\t\n\t\t\t\t<div class=\"iconbox_wrapper\">\n\t\t\t\t\t<div data-hover-color=\"\" class=\"ico red_icon\"><i style=\"color: #f0dc00\" class=\"icon-bar-chart\"><\/i><\/div>\n\t\t\t\t\t<h5 class=\"iconbox_title\">COME FUNZIONA<\/h5>\n\t\t\t\t\t<div class=\"iconbox_body\"><p><p style=\"text-align: justify;\"><span style=\"color: #000000;\"><strong>Visualizza i tuoi dashboard e report personalizzati ovunque ti trovi.<\/strong> Interagisci con i dati grazie all'esperienza ottimizzata per il tocco delle app&nbsp;<\/span><strong><a class=\"_58cn\" href=\"https:\/\/powerbi.microsoft.com\/it-it\/partners\/latitudo-srl\/\" type=\"\">Power BI&nbsp;<\/a><\/strong><span style=\"color: #000000;\">per Windows, iOS e Android native.<\/span><\/p><\/p><\/div>\n\t\t\t\t<\/div>\n\t\t\t\n\t\t<\/div><\/div><div class='clear'><\/div><\/div><!-- .module_cont --><div style='padding-bottom:30px;' class='span4  module_number_3 module_cont  center_title module_iconboxes'><div class='iconbox_shortcode_wrapper'>\n\t\t<div class=\"shortcode_iconbox type1 alone\" style=\"width:100%;\">\n\t\t\t\n\t\t\t\t<div class=\"iconbox_wrapper\">\n\t\t\t\t\t<div data-hover-color=\"\" class=\"ico red_icon\"><i style=\"color: #f0dc00\" class=\"icon-bell-alt\"><\/i><\/div>\n\t\t\t\t\t<h5 class=\"iconbox_title\">VANTAGGI<\/h5>\n\t\t\t\t\t<div class=\"iconbox_body\"><p><p style=\"text-align: justify;\"><span style=\"color: #000000;\">Impostando gli avvisi basati sui dati, riceverai aggiornamenti costanti. <strong>Trova<\/strong>&nbsp;<strong>le informazioni importanti e agisci immediatamente.<\/strong><\/span><\/p><\/p><\/div>\n\t\t\t\t<\/div>\n\t\t\t\n\t\t<\/div><\/div><div class='clear'><\/div><\/div><!-- .module_cont --><div style='padding-bottom:30px;' class='span4  module_number_4 module_cont  center_title module_iconboxes'><div class='iconbox_shortcode_wrapper'>\n\t\t<div class=\"shortcode_iconbox type1 alone\" style=\"width:100%;\">\n\t\t\t\n\t\t\t\t<div class=\"iconbox_wrapper\">\n\t\t\t\t\t<div data-hover-color=\"\" class=\"ico red_icon\"><i style=\"color: #f0dc00\" class=\"icon-refresh\"><\/i><\/div>\n\t\t\t\t\t<h5 class=\"iconbox_title\">PER LA TUA AZIENDA<\/h5>\n\t\t\t\t\t<div class=\"iconbox_body\"><p><p style=\"text-align: justify;\"><span style=\"color: #000000;\"><strong><a class=\"_58cn\" href=\"\/index.php\/business-intelligence\/\" type=\"\"> <strong>Condividi report e dashboard&nbsp;&nbsp;<\/strong><\/a><\/strong>in tempo reale per mantenere aggiornato il team. Utilizza i dati per comunicare le storie e coinvolgere clienti e colleghi.<\/span><\/p>\r\n<p style=\"text-align: justify;\"><strong><span style=\"color: #000000;\">*Per maggiori informazioni:<\/span><\/strong><\/p>\r\n<p style=\"text-align: justify;\"><strong><a style=\"color: #ff0000; text-decoration: underline;\" href=\"\/wp-content\/uploads\/2017\/10\/PBI-Convince-your-boss-2.pdf\">Convince your Boss<\/a><\/strong><\/p>\r\n<p style=\"text-align: justify;\">&nbsp;<\/p><\/p><\/div>\n\t\t\t\t<\/div>\n\t\t\t\n\t\t<\/div><\/div><div class='clear'><\/div><\/div><!-- .module_cont --><\/div><div class=\"skew fw_block bg_start stretch  parallax\" data-option=\"stretch\" data-background=\"\" style=\"margin-bottom:30px;padding-top:55px;  background-image: url('https:\/\/sito.latitudo.com\/wp-content\/uploads\/2016\/05\/POWERBI_MEZZO-4.jpg'); background-repeat: no-repeat; background-size:cover; \"><div class='row'><div style='padding-bottom:30px;' class='span12  module_number_5 module_cont parallax center_title module_title'><div class='bg_title center'><h2 style='color:#000000;text-align:center;' class='headInModule'>Scopri tutte le possibilit\u00e0 offerte da Latitudo<\/h2><\/div><div class='bg_subtitle center'><p style='color:#000000;text-align:center;' class='subheadInModule'>Latitudo permette ai reparti aziendali, ad esempio finanziario, commerciale, operativo e altri ancora, di unire con facilit\u00e0 i dati e condividere nuove informazioni dettagliate. Guarda la presentazione relativa ai report per scoprire tutto quello che Latitudo pu\u00f2 offrire al tuo team.<\/p><\/div><\/div><!-- .module_cont --><\/div><\/div><!-- bg_end here --><div class='row'><div style='padding-bottom:30px;' class='span3  module_number_6 module_cont  center_title module_text_area'>\n                <div class='module_content'>\n                    \n                <\/div><\/div><!-- .module_cont --><div style='padding-bottom:30px;' class='span6  module_number_7 module_cont  center_title module_text_area'><div class='bg_title center'><h2 style='color:#000000;text-align:center;' class='headInModule'>Crea le tue Dashboard con Latitudo<\/h2><\/div><div class='bg_subtitle center'><p style='color:#000000;text-align:center;' class='subheadInModule'>Scopri cosa puoi fare con Power BI<\/p><\/div>\n                <div class='module_content'>\n                    <p><iframe src=\"https:\/\/www.youtube-nocookie.com\/embed\/yKTSLffVGbk\" width=\"560\" height=\"315\" frameborder=\"0\" allowfullscreen=\"allowfullscreen\"><\/iframe><\/p>\n                <\/div><\/div><!-- .module_cont --><div style='padding-bottom:30px;' class='span3  module_number_8 module_cont  center_title module_text_area'>\n                <div class='module_content'>\n                    \n                <\/div><\/div><!-- .module_cont --><\/div><div class=\"skew fw_block bg_start stretch \" data-option=\"stretch\" data-background=\"\" style=\"margin-bottom:30px;padding-top:40px;  background-image: url('https:\/\/sito.latitudo.com\/wp-content\/uploads\/2016\/05\/maxresdefault-1024x576-1.jpg'); background-repeat: no-repeat; background-size:cover; \"><div class='row'><div style='padding-bottom:30px;' class='span12  module_number_9 module_cont  center_title module_text_area'><div class='bg_title center'><h2 style='color:#000000;text-align:center;' class='headInModule'>Visualizza e analizza tutti i dati in un'unica posizione<\/h2><\/div><div class='bg_subtitle left'><p style='color:#000000;' class='subheadInModule'>In meno di cinque minuti puoi iniziare a creare dashboard e report personalizzati basati sui tuoi dati usando il linguaggio naturale e i movimenti di trascinamento per trovare le risposte alle domande pi\u00f9 importanti.<\/p><\/div>\n                <div class='module_content'>\n                    \n                <\/div><\/div><!-- .module_cont --><\/div><!-- If this is last module - close --><\/div><!-- bg_end here --><\/div><!-- module_line_trigger -->","protected":false},"excerpt":{"rendered":"<p>Tutti i dati, sempre e ovunque Power BI trasforma i dati aziendali in elementi visivi avanzati che puoi organizzare come preferisci, con tutta la libert\u00e0 di poterti concentrare sugli aspetti pi\u00f9 importanti. Potenti funzionalit\u00e0 self-service ti aiutano a rafforzare il successo del tuo business, con informazioni sempre aggiornate e la capacit\u00e0 di catturare le tendenze in tempo reale. COME FUNZIONA Visualizza i tuoi dashboard e report personalizzati ovunque ti trovi. Interagisci con i dati grazie all&#8217;esperienza ottimizzata per il tocco delle app&nbsp;Power BI&nbsp;per Windows, iOS e Android native. VANTAGGI Impostando gli avvisi basati sui dati, riceverai aggiornamenti costanti. Trova&nbsp;le informazioni importanti e agisci immediatamente. PER LA TUA AZIENDA Condividi report e dashboard&nbsp;&nbsp;in tempo reale per mantenere aggiornato il team. Utilizza i dati per comunicare le storie e coinvolgere clienti e colleghi. *Per maggiori informazioni: Convince your Boss &nbsp; Scopri tutte le possibilit\u00e0 offerte da LatitudoLatitudo permette ai reparti aziendali, ad esempio finanziario, commerciale, operativo e altri ancora, di unire con facilit\u00e0 i dati e condividere nuove informazioni dettagliate. Guarda la presentazione relativa ai report per scoprire tutto quello che Latitudo pu\u00f2 offrire al tuo team. Crea le tue Dashboard con LatitudoScopri cosa puoi fare con Power BI Visualizza e analizza [&hellip;]<\/p>\n","protected":false},"author":2,"featured_media":0,"parent":0,"menu_order":0,"comment_status":"closed","ping_status":"closed","template":"page-slider.php","meta":[],"yoast_head":"<!-- This site is optimized with the Yoast SEO plugin v20.7 - https:\/\/yoast.com\/wordpress\/plugins\/seo\/ -->\n<title>Data Analytics con Power BI per la tua Business Intelligence<\/title>\n<meta name=\"description\" content=\"Scopri come con la Business Intelligence e la Data Analytics con Power BI puoi trasformare i tuoi dati in informazioni strategiche.\" \/>\n<meta name=\"robots\" content=\"index, follow, max-snippet:-1, max-image-preview:large, max-video-preview:-1\" \/>\n<link rel=\"canonical\" href=\"https:\/\/www.latitudo.com\/index.php\/data-analytics-con-power-bi-per-la-tua-business-intelligence\/\" \/>\n<meta property=\"og:locale\" content=\"it_IT\" \/>\n<meta property=\"og:type\" content=\"article\" \/>\n<meta property=\"og:title\" content=\"Data Analytics con Power BI per la tua Business Intelligence\" \/>\n<meta property=\"og:description\" content=\"Scopri come con la Business Intelligence e la Data Analytics con Power BI puoi trasformare i tuoi dati in informazioni strategiche.\" \/>\n<meta property=\"og:url\" content=\"https:\/\/www.latitudo.com\/index.php\/data-analytics-con-power-bi-per-la-tua-business-intelligence\/\" \/>\n<meta property=\"og:site_name\" content=\"Latitudo\" \/>\n<meta property=\"article:publisher\" content=\"https:\/\/www.facebook.com\/Latitudo\/\" \/>\n<meta property=\"article:modified_time\" content=\"2024-06-19T15:53:14+00:00\" \/>\n<meta name=\"twitter:card\" content=\"summary_large_image\" \/>\n<meta name=\"twitter:site\" content=\"@Latitudo\" \/>\n<script type=\"application\/ld+json\" class=\"yoast-schema-graph\">{\"@context\":\"https:\/\/schema.org\",\"@graph\":[{\"@type\":\"WebPage\",\"@id\":\"https:\/\/www.latitudo.com\/index.php\/data-analytics-con-power-bi-per-la-tua-business-intelligence\/\",\"url\":\"https:\/\/www.latitudo.com\/index.php\/data-analytics-con-power-bi-per-la-tua-business-intelligence\/\",\"name\":\"Data Analytics con Power BI per la tua Business Intelligence\",\"isPartOf\":{\"@id\":\"https:\/\/www.latitudo.com\/#website\"},\"datePublished\":\"2016-05-24T12:06:14+00:00\",\"dateModified\":\"2024-06-19T15:53:14+00:00\",\"description\":\"Scopri come con la Business Intelligence e la Data Analytics con Power BI puoi trasformare i tuoi dati in informazioni strategiche.\",\"breadcrumb\":{\"@id\":\"https:\/\/www.latitudo.com\/index.php\/data-analytics-con-power-bi-per-la-tua-business-intelligence\/#breadcrumb\"},\"inLanguage\":\"it-IT\",\"potentialAction\":[{\"@type\":\"ReadAction\",\"target\":[\"https:\/\/www.latitudo.com\/index.php\/data-analytics-con-power-bi-per-la-tua-business-intelligence\/\"]}]},{\"@type\":\"BreadcrumbList\",\"@id\":\"https:\/\/www.latitudo.com\/index.php\/data-analytics-con-power-bi-per-la-tua-business-intelligence\/#breadcrumb\",\"itemListElement\":[{\"@type\":\"ListItem\",\"position\":1,\"name\":\"Home\",\"item\":\"https:\/\/www.latitudo.com\/\"},{\"@type\":\"ListItem\",\"position\":2,\"name\":\"MICROSOFT POWER BI\"}]},{\"@type\":\"WebSite\",\"@id\":\"https:\/\/www.latitudo.com\/#website\",\"url\":\"https:\/\/www.latitudo.com\/\",\"name\":\"Latitudo\",\"description\":\"Promuovere l&#039;efficienza \u00e8 il nostro obiettivo, migliorare le tue performance il risultato.\",\"publisher\":{\"@id\":\"https:\/\/www.latitudo.com\/#organization\"},\"potentialAction\":[{\"@type\":\"SearchAction\",\"target\":{\"@type\":\"EntryPoint\",\"urlTemplate\":\"https:\/\/www.latitudo.com\/?s={search_term_string}\"},\"query-input\":\"required name=search_term_string\"}],\"inLanguage\":\"it-IT\"},{\"@type\":\"Organization\",\"@id\":\"https:\/\/www.latitudo.com\/#organization\",\"name\":\"Latitudo\",\"url\":\"https:\/\/www.latitudo.com\/\",\"logo\":{\"@type\":\"ImageObject\",\"inLanguage\":\"it-IT\",\"@id\":\"https:\/\/www.latitudo.com\/#\/schema\/logo\/image\/\",\"url\":\"https:\/\/www.latitudo.com\/wp-content\/uploads\/2016\/06\/Logo_Latitudo_tra_retina_152.png\",\"contentUrl\":\"https:\/\/www.latitudo.com\/wp-content\/uploads\/2016\/06\/Logo_Latitudo_tra_retina_152.png\",\"width\":152,\"height\":60,\"caption\":\"Latitudo\"},\"image\":{\"@id\":\"https:\/\/www.latitudo.com\/#\/schema\/logo\/image\/\"},\"sameAs\":[\"https:\/\/www.facebook.com\/Latitudo\/\",\"https:\/\/twitter.com\/Latitudo\",\"https:\/\/www.linkedin.com\/company\/latitudo-s-r-l-\"]}]}<\/script>\n<!-- \/ Yoast SEO plugin. -->","yoast_head_json":{"title":"Data Analytics con Power BI per la tua Business Intelligence","description":"Scopri come con la Business Intelligence e la Data Analytics con Power BI puoi trasformare i tuoi dati in informazioni strategiche.","robots":{"index":"index","follow":"follow","max-snippet":"max-snippet:-1","max-image-preview":"max-image-preview:large","max-video-preview":"max-video-preview:-1"},"canonical":"https:\/\/www.latitudo.com\/index.php\/data-analytics-con-power-bi-per-la-tua-business-intelligence\/","og_locale":"it_IT","og_type":"article","og_title":"Data Analytics con Power BI per la tua Business Intelligence","og_description":"Scopri come con la Business Intelligence e la Data Analytics con Power BI puoi trasformare i tuoi dati in informazioni strategiche.","og_url":"https:\/\/www.latitudo.com\/index.php\/data-analytics-con-power-bi-per-la-tua-business-intelligence\/","og_site_name":"Latitudo","article_publisher":"https:\/\/www.facebook.com\/Latitudo\/","article_modified_time":"2024-06-19T15:53:14+00:00","twitter_card":"summary_large_image","twitter_site":"@Latitudo","schema":{"@context":"https:\/\/schema.org","@graph":[{"@type":"WebPage","@id":"https:\/\/www.latitudo.com\/index.php\/data-analytics-con-power-bi-per-la-tua-business-intelligence\/","url":"https:\/\/www.latitudo.com\/index.php\/data-analytics-con-power-bi-per-la-tua-business-intelligence\/","name":"Data Analytics con Power BI per la tua Business Intelligence","isPartOf":{"@id":"https:\/\/www.latitudo.com\/#website"},"datePublished":"2016-05-24T12:06:14+00:00","dateModified":"2024-06-19T15:53:14+00:00","description":"Scopri come con la Business Intelligence e la Data Analytics con Power BI puoi trasformare i tuoi dati in informazioni strategiche.","breadcrumb":{"@id":"https:\/\/www.latitudo.com\/index.php\/data-analytics-con-power-bi-per-la-tua-business-intelligence\/#breadcrumb"},"inLanguage":"it-IT","potentialAction":[{"@type":"ReadAction","target":["https:\/\/www.latitudo.com\/index.php\/data-analytics-con-power-bi-per-la-tua-business-intelligence\/"]}]},{"@type":"BreadcrumbList","@id":"https:\/\/www.latitudo.com\/index.php\/data-analytics-con-power-bi-per-la-tua-business-intelligence\/#breadcrumb","itemListElement":[{"@type":"ListItem","position":1,"name":"Home","item":"https:\/\/www.latitudo.com\/"},{"@type":"ListItem","position":2,"name":"MICROSOFT POWER BI"}]},{"@type":"WebSite","@id":"https:\/\/www.latitudo.com\/#website","url":"https:\/\/www.latitudo.com\/","name":"Latitudo","description":"Promuovere l&#039;efficienza \u00e8 il nostro obiettivo, migliorare le tue performance il risultato.","publisher":{"@id":"https:\/\/www.latitudo.com\/#organization"},"potentialAction":[{"@type":"SearchAction","target":{"@type":"EntryPoint","urlTemplate":"https:\/\/www.latitudo.com\/?s={search_term_string}"},"query-input":"required name=search_term_string"}],"inLanguage":"it-IT"},{"@type":"Organization","@id":"https:\/\/www.latitudo.com\/#organization","name":"Latitudo","url":"https:\/\/www.latitudo.com\/","logo":{"@type":"ImageObject","inLanguage":"it-IT","@id":"https:\/\/www.latitudo.com\/#\/schema\/logo\/image\/","url":"https:\/\/www.latitudo.com\/wp-content\/uploads\/2016\/06\/Logo_Latitudo_tra_retina_152.png","contentUrl":"https:\/\/www.latitudo.com\/wp-content\/uploads\/2016\/06\/Logo_Latitudo_tra_retina_152.png","width":152,"height":60,"caption":"Latitudo"},"image":{"@id":"https:\/\/www.latitudo.com\/#\/schema\/logo\/image\/"},"sameAs":["https:\/\/www.facebook.com\/Latitudo\/","https:\/\/twitter.com\/Latitudo","https:\/\/www.linkedin.com\/company\/latitudo-s-r-l-"]}]}},"_links":{"self":[{"href":"https:\/\/www.latitudo.com\/index.php\/wp-json\/wp\/v2\/pages\/1080"}],"collection":[{"href":"https:\/\/www.latitudo.com\/index.php\/wp-json\/wp\/v2\/pages"}],"about":[{"href":"https:\/\/www.latitudo.com\/index.php\/wp-json\/wp\/v2\/types\/page"}],"author":[{"embeddable":true,"href":"https:\/\/www.latitudo.com\/index.php\/wp-json\/wp\/v2\/users\/2"}],"replies":[{"embeddable":true,"href":"https:\/\/www.latitudo.com\/index.php\/wp-json\/wp\/v2\/comments?post=1080"}],"version-history":[{"count":2,"href":"https:\/\/www.latitudo.com\/index.php\/wp-json\/wp\/v2\/pages\/1080\/revisions"}],"predecessor-version":[{"id":1102,"href":"https:\/\/www.latitudo.com\/index.php\/wp-json\/wp\/v2\/pages\/1080\/revisions\/1102"}],"wp:attachment":[{"href":"https:\/\/www.latitudo.com\/index.php\/wp-json\/wp\/v2\/media?parent=1080"}],"curies":[{"name":"wp","href":"https:\/\/api.w.org\/{rel}","templated":true}]}}